rime factors of i.
11, 79
Let v(u) = 2*u**2 - 24*u + 25. Let z be v(11). Suppose 2*c - 8 = 0, -z*f + 1834 = 2*c + 626. What are the prime factors of f?
2, 5
List the prime factors of 761/(4/32 + (-682)/6864).
3, 13, 761
Let q(y) = -2*y**2 - 79*y - 48 + 5*y**2 + 63*y - 39*y. What are the prime factors of q(25)?
2, 113
Let f = 127 - 121. List the prime factors of (1*-27)/(f/(-12)).
2, 3
Let x(f) be the first derivative of 20*f**3/3 - 3*f**2 - f + 45. List the prime factors of x(4).
5, 59
Let a be 3 + 21/7 + 1595. Let j = a - 949. What are the prime factors of j?
2, 163
Let j(o) = 19*o**2 + 44*o - 54. Let f(v) = -10*v**2 - 22*v + 27. Let p(w) = 11*f(w) + 6*j(w). List the prime factors of p(-14).
449
List the prime factors of ((-17)/(17/3))/(9/(-25518)).
2, 4253
Let r(t) be the first derivative of -t**2 + 9*t + 332. Let u = 10 - 17. List the prime factors of r(u).
23
Let v = 65 + -61. Suppose -v*o - 10*h + 1462 = -7*h, h = 3*o - 1090. What are the prime factors of o?
2, 7, 13
Let l = -191 - -131. Let f = 445 - l. List the prime factors of f.
5, 101
Let g be ((-4)/1 - 1812)/(0 - 2). Suppose 3104 = -6*b + g. Let w = -218 - b. List the prime factors of w.
2, 37
Let g(i) = -3*i - 24. Let d be g(-10). Suppose -r = d*r - 2359. What are the prime factors of r?
337
Let q = 6861 + -6045. What are the prime factors of q?
2, 3, 17
Let r(i) = -24*i**2 - 8*i + 9. Let j be r(4). Let q = -231 - j. Let v = q - 95. List the prime factors of v.
3
Let z(s) = 25 - 2*s**2 + 20*s - 2*s**3 - 13 + 2. List the prime factors of z(-10).
2, 3, 269
Let l(q) = -2*q**2 + 23*q - 10. Let t be l(11). Let f be (-123)/15 + t/5. Let p(s) = -s**3 - 9*s**2 - 11*s + 8. List the prime factors of p(f).
2
Suppose 0 = 5*z + 5*u + 15, -5*u + 0 - 6 = 2*z. Let m(f) = 23*f - 92. Let j(x) = x + 17. Let n(a) = -4*j(a) - m(a). What are the prime factors of n(z)?
3, 5, 7
Let j = -181 + 274. Suppose -16*i = -2*i + 784. Let n = i + j. What are the prime factors of n?
37
List the prime factors of 1 - 2 - 17/((-102)/76872).
23, 557
What are the prime factors of ((-11 - 7) + -8)*421/(-2)?
13, 421
Let k(b) = 16*b**3 - 13*b**2 + 24*b + 14. Let h be k(5). Let s = h + -686. What are the prime factors of s?
1123
Let i = -78 - -97. Let l(t) = 38*t - 27. List the prime factors of l(i).
5, 139
Let j be (9 - 9)*(-2)/8. Suppose -k + b + 1080 = -164, j = -k - b + 1250. List the prime factors of k.
29, 43
Let t = 20121 + -12846. List the prime factors of t.
3, 5, 97
Let n(l) be the second derivative of l**5/20 + l**4/4 + l**3/2 - 7*l**2/2 + 59*l. List the prime factors of n(6).
5, 67
Let h = 300 + -296. Suppose -h*b - 3 = -2*o + 35, 2*o - 3*b - 39 = 0. List the prime factors of o.
3, 7
Let s = 1653 + -309. Suppose 3*o - s = 4*w, -4*o + 1043 = -2*w - 739. List the prime factors of o.
2, 3, 37
Let j be -2 - -1 - (1 - 323). Suppose -3 = 3*w, 2*w - 19 - 195 = -2*b. Let d = j - b. What are the prime factors of d?
3, 71
Let c be (78/(-104))/((-3)/12). Suppose -117 = -c*d + 240. List the prime factors of d.
7, 17
Let u = -35 - -38. Let j be (1 + -3 - -10)*(-56)/16. What are the prime factors of 2 - 12/u - j?
2, 13
Suppose 4*v = -2*y, -4*y = 4*v - 5*y - 12. Suppose -v*h = 2*h + 12, 0 = -f + h + 5. Suppose 3*q - 166 = m, 2*q - f*m = 3*q - 46. List the prime factors of q.
2, 3
Let o(w) = 32*w**3 - 3*w**2 + w + 7. Let p be o(3). Suppose -346 = 2*v - 0*u - u, p = -5*v - 2*u. Let d = v + 330. List the prime factors of d.
3, 53
Let b(v) = 7*v - 20. Let c(d) = -d. Let h(j) = -b(j) - 6*c(j). Let o be h(17). List the prime factors of (5 + 13)/(o/10).
2, 3, 5
Let i = 100 + -95. Suppose 2*o + i*d = 16, -5*o + 4*d = -21 - 19. Suppose o*j + 0*j = 776. List the prime factors of j.
97
Suppose -2*p + 1550 = -4*j, 3*j - 486 + 1256 = p. Suppose 0 = -5*d - t + 32, -13 = 3*d - 4*d + 2*t. Suppose 2*u = d*u - p. What are the prime factors of u?
157
Let j be (-3 - -4) + 1*2. Suppose -2*l + j + 3 = 0. What are the prime factors of (25/1)/(l + -2)?
5
Let u(l) = -3*l**3 + 39*l**2 + 100*l - 15. What are the prime factors of u(-16)?
7, 13, 227
List the prime factors of (0 - -5)*888/555 + 4556.
2, 7, 163
Suppose 4*f - 30 = 2*v, -3*v = -3*f + 2*v + 40. Suppose 5*j + 4*m - 2*m - 1914 = 0, -5*j - f*m + 1905 = 0. What are the prime factors of j?
2, 3
Suppose 4*j = -5*l - 74, -j = -2*j + 2*l - 25. What are the prime factors of (14/j)/(4/(-912))?
2, 19
Let f(j) = 25*j + 13. Let u(z) = -2*z - 2*z + 2*z + 5*z. Let c be u(1). What are the prime factors of f(c)?
2, 11
Suppose -3*s = -q + 2202 + 2547, 2*s = -2*q + 9466. List the prime factors of q.
3, 1579
Let y(j) = 21*j**3 - 17*j**2 + 95*j - 5. List the prime factors of y(6).
67
Let o = -52 + 54. List the prime factors of 241 - (-4 + 1 - (3 - o)).
5, 7
Let m be 2 + 2 + (2 - 4). Suppose -m*u + 47 = -61. List the prime factors of u.
2, 3
Let p = 8449 + -8130. What are the prime factors of p?
11, 29
Suppose -406*k = -410*k - 500. Let g = 295 - k. What are the prime factors of g?
2, 3, 5, 7
List the prime factors of (-62)/124*(-3 + -9639).
3, 1607
Let f = 64 + -78. Let y be 376/56 + -1 + (-18)/f. Suppose -5*g - 2*b + 451 = 0, 5*b = 3*g + y*b - 269. What are the prime factors of g?
7, 13
Suppose -33*x = 13*x + 101410 - 565550. What are the prime factors of x?
2, 5, 1009
Let t = 326 + -326. Suppose t = -3*d + 3*w + 1818, 4*w = 2*d - 321 - 893. What are the prime factors of d?
5, 11
Suppose -5*f = -x - 153 + 1197, 4*x - f = 4233. List the prime factors of x.
3, 353
Suppose -2*k + 2*r + 30 = 0, 5*k - 35 = r + 60. Let z be (3/((-75)/k))/((-2)/(-10)). What are the prime factors of z/10 + 1660/25?
2, 3, 11
Let w be 1*(0 + -2) + 74. Let z(m) = -17*m + 13. Let n be z(-6). Let q = n - w. What are the prime factors of q?
43
Let k = -5049 + 9481. List the prime factors of k.
2, 277
Let w = 247 + -221. Suppose -17*x + w*x = 3123. What are the prime factors of x?
347
Suppose -3*r - 13 = -5*o - 0*o, 0 = 2*o + r - 14. Suppose -5*b - u = -2005, 439 + 363 = 2*b - o*u. What are the prime factors of b?
401
Let n = -5264 - -9346. What are the prime factors of n?
2, 13, 157
Let m(s) be the second derivative of s**4/6 + 5*s**3 + 153*s**2/2 + 14*s. List the prime factors of m(-32).
17, 73
Let p = -3 + 6. Let o(s) = -s**3 - 11*s**2 + 14*s + 28. Let d be o(-12). Suppose -177 = -p*c + d*w, 5*w = -23 + 8. List the prime factors of c.
5, 11
Let p(j) = 56*j. Let k(y) = 6*y + 58. Let r be k(-9). List the prime factors of p(r).
2, 7
Let d(w) = w**2 - 12*w - 17. Let r(g) = 147*g**2 + 2*g - 1. Let j be r(-1). Suppose 6*u + 2*u - j = 0. List the prime factors of d(u).
7, 13
Let m(k) = -10*k**3 - 28*k**2 - 4*k - 2. Let f be m(-3). Let p = 18 - -8. Suppose -f*h = -p*h - 110. What are the prime factors of h?
5, 11
List the prime factors of (501240/600)/((-4)/(-125)) - (-3)/4.
26107
Let n(d) = -12*d**3 + 2*d**2 - 6*d - 3. Let g(v) = -v**3 - 25*v**2 - 2*v - 53. Let q be g(-25). What are the prime factors of n(q)?
3, 7, 17
Let s(l) = -1227*l**3 - 3*l**2 + 6*l. List the prime factors of s(-2).
2, 3, 17
Suppose 4*t = 4*o - 9504, -o - 4*t + 660 + 1726 = 0. What are the prime factors of o?
2, 29, 41
Suppose 5*n + 3*h = 166926, n + 83*h - 33381 = 81*h. List the prime factors of n.
3, 31, 359
Let l be (-27)/8 - 126/(-336). Let d(s) = -9*s**3 - 2*s**2 - 3*s + 10. List the prime factors of d(l).
2, 61
Let n = -4933 + 7717. What are the prime factors of n?
2, 3, 29
Let r be (-24)/2 - (18 + -15). Let s = 108 - r. List the prime factors of s.
3, 41
Let z(a) = -16*a - 187. Let n be z(-13). Suppose -n*r - 10059 + 34776 = 0. List the prime factors of r.
11, 107
Let m(o) = -1005*o - 1448. List the prime factors of m(-8).
2, 103
Let k(f) = 2*f**2 + f - 3. Let d be k(-2). Suppose -8*v + d*v + 1300 = 0. What are the prime factors of v?
2, 5, 13
Let p = 43627 - -909. List the prime factors of p.
2, 19, 293
Suppose -11*a = 240527 - 527622 - 486997. List the prime factors of a.
2, 73, 241
Suppose -337 - 15623 = -28*h. Suppose 3*b + 87 = h. What are the prime factors of b?
7, 23
Suppose 84 + 178 = -2*i + 4*m, -12 = 4*m. Let d = i + 441. List the prime factors of d.
2, 19
Let j = 61 - 52. Let v(n) = -2*n**2 + 3*n - 3. Let q be v(2). Let r = q + j. What are the prime factors of r?
2
Let q(n) = -n**3 - 8*n**2 - 7*n - 3. Let c be q(-7). Let d be (6 + c)*(-20)/(-6). Suppose 0